{"id":272,"date":"2018-07-08T12:42:33","date_gmt":"2018-07-08T12:42:33","guid":{"rendered":"http:\/\/jezevcik.zkyjova.cz\/subdom\/jezevcik\/?page_id=272"},"modified":"2022-02-18T16:30:03","modified_gmt":"2022-02-18T16:30:03","slug":"marleyho-norovani","status":"publish","type":"page","link":"https:\/\/jezevcik.zkyjova.cz\/subdom\/jezevcik\/marleyho-norovani\/","title":{"rendered":"Marleyho norov\u00e1n\u00ed"},"content":{"rendered":"<h3><strong>Bezkontaktn\u00ed norov\u00e1n\u00ed Bzenec &#8211; P\u0159\u00edvoz 2015<\/strong><\/h3>\n<h3 style=\"text-align: center;\">Prvn\u00ed norov\u00e1n\u00ed Marley absolvoval na no\u0159e ve Bzenci-P\u0159\u00edvoze ve sv\u00fdch 15ti m\u011bs\u00edc\u00edch s pln\u00fdm po\u010dtem bod\u016f v \u010dase 8s, to se psal rok 2015.<\/h3>\n<p>&nbsp;<\/p>\n<h3><strong>Norov\u00e1n\u00ed Polsko 2016<\/strong><\/h3>\n<h3 style=\"text-align: center;\">O rok pozd\u011bji dostal p\u0159\u00edle\u017eitost se z\u00fa\u010dastnit kontaktn\u00edho norov\u00e1n\u00ed v polsk\u00e9 Wroclawi na\u00a0 IX. Miedzynarodowym Konkursie Norowania. Pod veden\u00edm kamar\u00e1dky Katky se mu prvn\u00ed den poda\u0159ilo vyhn\u00e1n\u00ed za 59s a z\u00edskal t\u00edm titul <strong>Norowiec<\/strong>.<\/h3>\n<h3 style=\"text-align: center;\">Celkov\u011b se um\u00edstil v I. cen\u011b na 7.m\u00edst\u011b z celkov\u00fdch 55.<\/h3>\n<p><img loading=\"lazy\" decoding=\"async\" class=\"wp-image-288 aligncenter\" src=\"https:\/\/jezevcik.zkyjova.cz\/subdom\/jezevcik\/wp-content\/uploads\/2018\/07\/dyplom-polsko-1024x683.jpg\" alt=\"\" width=\"414\" height=\"276\" srcset=\"https:\/\/jezevcik.zkyjova.cz\/subdom\/jezevcik\/wp-content\/uploads\/2018\/07\/dyplom-polsko-1024x683.jpg 1024w, https:\/\/jezevcik.zkyjova.cz\/subdom\/jezevcik\/wp-content\/uploads\/2018\/07\/dyplom-polsko-300x200.jpg 300w, https:\/\/jezevcik.zkyjova.cz\/subdom\/jezevcik\/wp-content\/uploads\/2018\/07\/dyplom-polsko-768x512.jpg 768w, https:\/\/jezevcik.zkyjova.cz\/subdom\/jezevcik\/wp-content\/uploads\/2018\/07\/dyplom-polsko-83x55.jpg 83w, https:\/\/jezevcik.zkyjova.cz\/subdom\/jezevcik\/wp-content\/uploads\/2018\/07\/dyplom-polsko-75x50.jpg 75w, https:\/\/jezevcik.zkyjova.cz\/subdom\/jezevcik\/wp-content\/uploads\/2018\/07\/dyplom-polsko.jpg 1296w\" sizes=\"auto, (max-width: 414px) 100vw, 414px\" \/><\/p>\n<h3><strong>Norov\u00e1n\u00ed Slovensko 2016<\/strong><\/h3>\n<h3 style=\"text-align: center;\">Marley vyzbrojen\u00fd evropsk\u00fdm pasem a \u010dipem vyrazil v p\u00e1tek na Medzin\u00e1rodn\u00e9 brloh\u00e1rsk\u00e9 sk\u00fa\u0161ky jazve\u010d\u00edkov (MSBLJ) do slovensk\u00e9 Ve\u013ek\u00e9 Vsi\/ Lu\u010denci, je to n\u011bco jako vysok\u00e1 \u0161k<span class=\"text_exposed_show\">ola norov\u00e1n\u00ed, kde u\u017e p\u0159ijet\u00ed je \u00fasp\u011bchem. Los padl na \u010d\u00edslo 52 ze 71 \u0161pi\u010dkov\u011b p\u0159ipraven\u00fdch jazve\u010d\u00edkov z \u010cR, SR, PL, UKR, RU, HUN. O p\u016fl t\u0159et\u00ed parn\u00e9ho dne vystartoval do vsuku, kde na n\u011bho v prvn\u00edm kotli \u010dekal obrovsk\u00fd li\u0161\u00e1k, Marley si to sice cht\u011bl v prvn\u00edch p\u00e1r momentech rozmyslet, nicm\u00e9n\u011b sv\u00fdm hlasit\u00fdm a intenzivn\u00edm \u0161t\u011bkotem li\u0161\u00e1ka dotla\u010dil do t\u0159et\u00edho kotle, kde ho 10 minut vytrvale a hlasit\u011b prudil. 1. den 90 bod\u016f a I. cena, <em>hl\u00e1si\u010d<\/em>.<\/span><\/h3>\n<h3 style=\"text-align: center;\">Druh\u00fd den jin\u00fd li\u0161\u00e1k z\u016fstal t\u011bsn\u011b p\u0159ed t\u0159et\u00edm kotlem a ani \u0161t\u011bkot, ani hlasitost ho nep\u0159esv\u011bd\u010dili, aby se o kous\u00ednek posunul a doputoval tam. Lehce zran\u011bn si Marley druh\u00fd den odn\u00e1\u0161\u00ed 80 bod\u016f a II. cenu, op\u011bt <em>hl\u00e1si\u010d<\/em>.<\/h3>\n<h3 style=\"text-align: center;\">Za celkov\u00fd v\u00fdkon norov\u00e1n\u00ed z\u00edskal titul <strong>Norn\u00edk<\/strong>.<\/h3>\n<p>&nbsp;<\/p>\n<p><img loading=\"lazy\" decoding=\"async\" class=\"wp-image-280 aligncenter\" src=\"https:\/\/jezevcik.zkyjova.cz\/subdom\/jezevcik\/wp-content\/uploads\/2018\/07\/IMG_1410_001_sign-844x1024.jpg\" alt=\"\" width=\"219\" height=\"266\" srcset=\"https:\/\/jezevcik.zkyjova.cz\/subdom\/jezevcik\/wp-content\/uploads\/2018\/07\/IMG_1410_001_sign-844x1024.jpg 844w, https:\/\/jezevcik.zkyjova.cz\/subdom\/jezevcik\/wp-content\/uploads\/2018\/07\/IMG_1410_001_sign-247x300.jpg 247w, https:\/\/jezevcik.zkyjova.cz\/subdom\/jezevcik\/wp-content\/uploads\/2018\/07\/IMG_1410_001_sign-768x931.jpg 768w, https:\/\/jezevcik.zkyjova.cz\/subdom\/jezevcik\/wp-content\/uploads\/2018\/07\/IMG_1410_001_sign-45x55.jpg 45w\" sizes=\"auto, (max-width: 219px) 100vw, 219px\" \/><\/p>\n<p>&nbsp;<\/p>\n<h3><strong>Norov\u00e1n\u00ed Slovensko 2017<\/strong><\/h3>\n<h3 style=\"text-align: center;\">Dal\u0161\u00edho Medzin\u00e1rodn\u00e9 brloh\u00e1rsk\u00e9 sk\u00fa\u0161ky jazve\u010d\u00edkov v Tur\u00e9 L\u00face v roce 2017 u\u017e pro n\u00e1s nebyly tak \u00fasp\u011b\u0161n\u00e9. Po zku\u0161enosti z kontaktn\u00edho norov\u00e1n\u00ed a kontaktu s li\u0161kou z p\u0159ede\u0161l\u00e9ho roku se n\u00e1m v\u00fdkon nepoda\u0159ilo obh\u00e1jit.<\/h3>\n<p>&nbsp;<\/p>\n<p><a href=\"https:\/\/jezevcik.zkyjova.cz\/subdom\/jezevcik\/wp-content\/uploads\/2021\/06\/znak-01.png\"><img loading=\"lazy\" decoding=\"async\" class=\"wp-image-933 aligncenter\" src=\"https:\/\/jezevcik.zkyjova.cz\/subdom\/jezevcik\/wp-content\/uploads\/2021\/06\/znak-01.png\" alt=\"\" width=\"201\" height=\"121\" srcset=\"https:\/\/jezevcik.zkyjova.cz\/subdom\/jezevcik\/wp-content\/uploads\/2021\/06\/znak-01.png 2481w, https:\/\/jezevcik.zkyjova.cz\/subdom\/jezevcik\/wp-content\/uploads\/2021\/06\/znak-01-768x457.png 768w, https:\/\/jezevcik.zkyjova.cz\/subdom\/jezevcik\/wp-content\/uploads\/2021\/06\/znak-01-1024x609.png 1024w, https:\/\/jezevcik.zkyjova.cz\/subdom\/jezevcik\/wp-content\/uploads\/2021\/06\/znak-01-2000x1200.png 2000w\" sizes=\"auto, (max-width: 201px) 100vw, 201px\" \/><\/a><\/p>\n<p>&nbsp;<\/p>\n","protected":false},"excerpt":{"rendered":"<p>Bezkontaktn\u00ed norov\u00e1n\u00ed Bzenec &#8211; P\u0159\u00edvoz 2015 Prvn\u00ed norov\u00e1n\u00ed Marley absolvoval na no\u0159e ve Bzenci-P\u0159\u00edvoze ve sv\u00fdch 15ti m\u011bs\u00edc\u00edch s pln\u00fdm po\u010dtem bod\u016f v \u010dase 8s, to se psal rok 2015. &nbsp; Norov\u00e1n\u00ed Polsko 2016 O rok pozd\u011bji dostal p\u0159\u00edle\u017eitost se z\u00fa\u010dastnit kontaktn\u00edho norov\u00e1n\u00ed v polsk\u00e9 Wroclawi na\u00a0 IX. Miedzynarodowym Konkursie Norowania. Pod veden\u00edm kamar\u00e1dky Katky &hellip; <\/p>\n<p class=\"link-more\"><a href=\"https:\/\/jezevcik.zkyjova.cz\/subdom\/jezevcik\/marleyho-norovani\/\" class=\"more-link\">Pokra\u010dovat ve \u010dten\u00ed<span class=\"screen-reader-text\"> &#8222;Marleyho norov\u00e1n\u00ed&#8220;<\/span><\/a><\/p>\n","protected":false},"author":2,"featured_media":0,"parent":0,"menu_order":0,"comment_status":"closed","ping_status":"closed","template":"","meta":{"footnotes":""},"class_list":["post-272","page","type-page","status-publish","hentry"],"_links":{"self":[{"href":"https:\/\/jezevcik.zkyjova.cz\/subdom\/jezevcik\/wp-json\/wp\/v2\/pages\/272","targetHints":{"allow":["GET"]}}],"collection":[{"href":"https:\/\/jezevcik.zkyjova.cz\/subdom\/jezevcik\/wp-json\/wp\/v2\/pages"}],"about":[{"href":"https:\/\/jezevcik.zkyjova.cz\/subdom\/jezevcik\/wp-json\/wp\/v2\/types\/page"}],"author":[{"embeddable":true,"href":"https:\/\/jezevcik.zkyjova.cz\/subdom\/jezevcik\/wp-json\/wp\/v2\/users\/2"}],"replies":[{"embeddable":true,"href":"https:\/\/jezevcik.zkyjova.cz\/subdom\/jezevcik\/wp-json\/wp\/v2\/comments?post=272"}],"version-history":[{"count":20,"href":"https:\/\/jezevcik.zkyjova.cz\/subdom\/jezevcik\/wp-json\/wp\/v2\/pages\/272\/revisions"}],"predecessor-version":[{"id":1131,"href":"https:\/\/jezevcik.zkyjova.cz\/subdom\/jezevcik\/wp-json\/wp\/v2\/pages\/272\/revisions\/1131"}],"wp:attachment":[{"href":"https:\/\/jezevcik.zkyjova.cz\/subdom\/jezevcik\/wp-json\/wp\/v2\/media?parent=272"}],"curies":[{"name":"wp","href":"https:\/\/api.w.org\/{rel}","templated":true}]}}