{"id":822,"date":"2020-07-11T17:17:29","date_gmt":"2020-07-11T17:17:29","guid":{"rendered":"http:\/\/jezevcik.zkyjova.cz\/subdom\/jezevcik\/?page_id=822"},"modified":"2024-05-24T12:50:34","modified_gmt":"2024-05-24T12:50:34","slug":"anabell-maryacell-bella-2","status":"publish","type":"page","link":"https:\/\/jezevcik.zkyjova.cz\/subdom\/jezevcik\/anabell-maryacell-bella-2\/","title":{"rendered":"Anabell Maryacell (Bella)"},"content":{"rendered":"<h4><a href=\"https:\/\/jezevcik.zkyjova.cz\/subdom\/jezevcik\/wp-content\/uploads\/2022\/07\/full-10-scaled.jpg\"><img loading=\"lazy\" decoding=\"async\" class=\"alignnone size-full wp-image-1468\" src=\"https:\/\/jezevcik.zkyjova.cz\/subdom\/jezevcik\/wp-content\/uploads\/2022\/07\/full-10-scaled.jpg\" alt=\"\" width=\"2560\" height=\"1707\" srcset=\"https:\/\/jezevcik.zkyjova.cz\/subdom\/jezevcik\/wp-content\/uploads\/2022\/07\/full-10-scaled.jpg 2560w, https:\/\/jezevcik.zkyjova.cz\/subdom\/jezevcik\/wp-content\/uploads\/2022\/07\/full-10-300x200.jpg 300w, https:\/\/jezevcik.zkyjova.cz\/subdom\/jezevcik\/wp-content\/uploads\/2022\/07\/full-10-1024x683.jpg 1024w, https:\/\/jezevcik.zkyjova.cz\/subdom\/jezevcik\/wp-content\/uploads\/2022\/07\/full-10-768x512.jpg 768w, https:\/\/jezevcik.zkyjova.cz\/subdom\/jezevcik\/wp-content\/uploads\/2022\/07\/full-10-1536x1024.jpg 1536w, https:\/\/jezevcik.zkyjova.cz\/subdom\/jezevcik\/wp-content\/uploads\/2022\/07\/full-10-2048x1365.jpg 2048w\" sizes=\"auto, (max-width: 706px) 89vw, (max-width: 767px) 82vw, 740px\" \/><\/a><strong>(*22.5.2020)\u00a0 CHOVN\u00c1 FENA (matka vrhu C)<\/strong><\/h4>\n<h4>0m\/Z1J\/5-DRK<\/h4>\n<h4>OH &#8211; 30 cm, v\u00e1ha 4,30 kg, chyb\u00ed 2xM3<\/h4>\n<hr \/>\n<h4>V\u00ddSTAVY<\/h4>\n<p>\u010cesk\u00fd \u0161ampion<\/p>\n<p>BOJ, 2x CAC, CAJC, Krajsk\u00fd v\u00edt\u011bz DRK<\/p>\n<p>V\u00edt\u011bz t\u0159\u00eddy mlad\u00fdch, V\u00edt\u011bz t\u0159\u00eddy pracovn\u00ed<\/p>\n<p>5xV1, 5xVD<\/p>\n<h4><a href=\"https:\/\/jezevcik.zkyjova.cz\/subdom\/jezevcik\/wp-content\/uploads\/2022\/07\/DSC04455-WEB-scaled.jpg\"><img loading=\"lazy\" decoding=\"async\" class=\"alignnone wp-image-1467\" src=\"https:\/\/jezevcik.zkyjova.cz\/subdom\/jezevcik\/wp-content\/uploads\/2022\/07\/DSC04455-WEB-scaled.jpg\" alt=\"\" width=\"450\" height=\"300\" srcset=\"https:\/\/jezevcik.zkyjova.cz\/subdom\/jezevcik\/wp-content\/uploads\/2022\/07\/DSC04455-WEB-scaled.jpg 2560w, https:\/\/jezevcik.zkyjova.cz\/subdom\/jezevcik\/wp-content\/uploads\/2022\/07\/DSC04455-WEB-300x200.jpg 300w, https:\/\/jezevcik.zkyjova.cz\/subdom\/jezevcik\/wp-content\/uploads\/2022\/07\/DSC04455-WEB-1024x683.jpg 1024w, https:\/\/jezevcik.zkyjova.cz\/subdom\/jezevcik\/wp-content\/uploads\/2022\/07\/DSC04455-WEB-768x512.jpg 768w, https:\/\/jezevcik.zkyjova.cz\/subdom\/jezevcik\/wp-content\/uploads\/2022\/07\/DSC04455-WEB-1536x1024.jpg 1536w, https:\/\/jezevcik.zkyjova.cz\/subdom\/jezevcik\/wp-content\/uploads\/2022\/07\/DSC04455-WEB-2048x1365.jpg 2048w\" sizes=\"auto, (max-width: 450px) 100vw, 450px\" \/><\/a><a href=\"https:\/\/jezevcik.zkyjova.cz\/subdom\/jezevcik\/wp-content\/uploads\/2022\/03\/DSC04402-WEB.jpg\"><img loading=\"lazy\" decoding=\"async\" class=\"alignnone wp-image-1171\" src=\"https:\/\/jezevcik.zkyjova.cz\/subdom\/jezevcik\/wp-content\/uploads\/2022\/03\/DSC04402-WEB.jpg\" alt=\"\" width=\"450\" height=\"300\" srcset=\"https:\/\/jezevcik.zkyjova.cz\/subdom\/jezevcik\/wp-content\/uploads\/2022\/03\/DSC04402-WEB.jpg 2048w, https:\/\/jezevcik.zkyjova.cz\/subdom\/jezevcik\/wp-content\/uploads\/2022\/03\/DSC04402-WEB-300x200.jpg 300w, https:\/\/jezevcik.zkyjova.cz\/subdom\/jezevcik\/wp-content\/uploads\/2022\/03\/DSC04402-WEB-1024x683.jpg 1024w, https:\/\/jezevcik.zkyjova.cz\/subdom\/jezevcik\/wp-content\/uploads\/2022\/03\/DSC04402-WEB-768x512.jpg 768w, https:\/\/jezevcik.zkyjova.cz\/subdom\/jezevcik\/wp-content\/uploads\/2022\/03\/DSC04402-WEB-1536x1025.jpg 1536w\" sizes=\"auto, (max-width: 450px) 100vw, 450px\" \/><\/a><a href=\"https:\/\/jezevcik.zkyjova.cz\/subdom\/jezevcik\/wp-content\/uploads\/2022\/07\/DSC04405-WEB.jpg\"><img loading=\"lazy\" decoding=\"async\" class=\"alignnone wp-image-1466\" src=\"https:\/\/jezevcik.zkyjova.cz\/subdom\/jezevcik\/wp-content\/uploads\/2022\/07\/DSC04405-WEB.jpg\" alt=\"\" width=\"450\" height=\"300\" srcset=\"https:\/\/jezevcik.zkyjova.cz\/subdom\/jezevcik\/wp-content\/uploads\/2022\/07\/DSC04405-WEB.jpg 2048w, https:\/\/jezevcik.zkyjova.cz\/subdom\/jezevcik\/wp-content\/uploads\/2022\/07\/DSC04405-WEB-300x200.jpg 300w, https:\/\/jezevcik.zkyjova.cz\/subdom\/jezevcik\/wp-content\/uploads\/2022\/07\/DSC04405-WEB-1024x683.jpg 1024w, https:\/\/jezevcik.zkyjova.cz\/subdom\/jezevcik\/wp-content\/uploads\/2022\/07\/DSC04405-WEB-768x512.jpg 768w, https:\/\/jezevcik.zkyjova.cz\/subdom\/jezevcik\/wp-content\/uploads\/2022\/07\/DSC04405-WEB-1536x1024.jpg 1536w\" sizes=\"auto, (max-width: 450px) 100vw, 450px\" \/><\/a><\/h4>\n<p>4.6.2021 2x p\u0159esunut\u00e1 NVP Brno,\u00a0 t\u0159. mlad\u00fdch, L. Frn\u010dov\u00e1 &#8211; V1, CAJC, BOJ<\/p>\n<p>20.6.2021 KVJ Konopi\u0161t\u011b, t\u0159. mlad\u00fdch, P. Bro\u017eov\u00e1 &#8211; VD2\/2<\/p>\n<p>26.6.2021 MVP Intercanis Brno, t\u0159. mlad\u00fdch, L. Havelka &#8211; VD1<\/p>\n<p>17.7.2021 NVP Mlad\u00e1 Boleslav, t\u0159. mlad\u00fdch, A. Petr &#8211; VD1<\/p>\n<p>13.8.2021 OVP\u00a0 Kel\u010d, t\u0159. mlad\u00fdch, P. \u0158eh\u00e1nek &#8211; V1, VT<\/p>\n<p>28.8.2021 SVJ Jarom\u011b\u0159ice, mezit\u0159\u00edda, C. Geerts &#8211; V1, CAC<\/p>\n<p>28.10.2021 Kr.VJ Kel\u010d, t\u0159. pracovn\u00ed, M. Ka\u0161par &#8211; V1, VT, KV<\/p>\n<p>6.2.2022 DuoCACIB Brno, t\u0159. pracovn\u00ed, P. Moz\u00edkov\u00e1 &#8211; VD1<\/p>\n<p>28.8.2022 KrVP Brno, t\u0159. pracovn\u00ed, P. \u0158eh\u00e1nek &#8211; VD1<\/p>\n<p>17.9.2022 MVP Klatovy, t\u0159. pracovn\u00ed, L. Frn\u010dov\u00e1 &#8211; V1, CAC<\/p>\n<hr \/>\n<h4>ZKOU\u0160KY<\/h4>\n<p>4. m\u00edsto v Pracovn\u00edm poh\u00e1ru KCHJ 2021\u00a0\u00a0 \u00a0<a href=\"https:\/\/jezevcik.zkyjova.cz\/subdom\/jezevcik\/wp-content\/uploads\/2022\/03\/2021_kchj_pracovni_pohar.pdf\">2021_kchj_pracovni_pohar<\/a><\/p>\n<p>BZ Rozvadov 10.9.2021, 72b, I. cena<\/p>\n<p>LZ Rozvadov 11.9.2021,\u00a0 197b, II. cena (hlasitost 2)<\/p>\n<hr \/>\n<p><a href=\"https:\/\/jezevcik.zkyjova.cz\/subdom\/jezevcik\/wp-content\/uploads\/2020\/08\/veronika-simeckova-leto-2020-4-e1622999966896.jpg\"><img loading=\"lazy\" decoding=\"async\" class=\"alignnone wp-image-861\" src=\"https:\/\/jezevcik.zkyjova.cz\/subdom\/jezevcik\/wp-content\/uploads\/2020\/08\/veronika-simeckova-leto-2020-4-e1622999966896.jpg\" alt=\"\" width=\"158\" height=\"213\" srcset=\"https:\/\/jezevcik.zkyjova.cz\/subdom\/jezevcik\/wp-content\/uploads\/2020\/08\/veronika-simeckova-leto-2020-4-e1622999966896.jpg 3746w, https:\/\/jezevcik.zkyjova.cz\/subdom\/jezevcik\/wp-content\/uploads\/2020\/08\/veronika-simeckova-leto-2020-4-e1622999966896-223x300.jpg 223w, https:\/\/jezevcik.zkyjova.cz\/subdom\/jezevcik\/wp-content\/uploads\/2020\/08\/veronika-simeckova-leto-2020-4-e1622999966896-768x1035.jpg 768w, https:\/\/jezevcik.zkyjova.cz\/subdom\/jezevcik\/wp-content\/uploads\/2020\/08\/veronika-simeckova-leto-2020-4-e1622999966896-760x1024.jpg 760w\" sizes=\"auto, (max-width: 158px) 100vw, 158px\" \/><\/a><a style=\"font-size: 1rem; color: #000000;\" href=\"https:\/\/jezevcik.zkyjova.cz\/subdom\/jezevcik\/wp-content\/uploads\/2021\/05\/IMG_3555-e1622999095715.jpg\"> <img loading=\"lazy\" decoding=\"async\" class=\"alignnone wp-image-916\" src=\"https:\/\/jezevcik.zkyjova.cz\/subdom\/jezevcik\/wp-content\/uploads\/2021\/05\/IMG_3555-e1622999095715.jpg\" alt=\"\" width=\"176\" height=\"211\" srcset=\"https:\/\/jezevcik.zkyjova.cz\/subdom\/jezevcik\/wp-content\/uploads\/2021\/05\/IMG_3555-e1622999095715.jpg 4000w, https:\/\/jezevcik.zkyjova.cz\/subdom\/jezevcik\/wp-content\/uploads\/2021\/05\/IMG_3555-e1622999095715-251x300.jpg 251w, https:\/\/jezevcik.zkyjova.cz\/subdom\/jezevcik\/wp-content\/uploads\/2021\/05\/IMG_3555-e1622999095715-768x919.jpg 768w, https:\/\/jezevcik.zkyjova.cz\/subdom\/jezevcik\/wp-content\/uploads\/2021\/05\/IMG_3555-e1622999095715-856x1024.jpg 856w\" sizes=\"auto, (max-width: 176px) 100vw, 176px\" \/> <\/a><a href=\"https:\/\/jezevcik.zkyjova.cz\/subdom\/jezevcik\/wp-content\/uploads\/2021\/06\/IMG_5394-e1623000494493.jpg\">\u00a0 <img loading=\"lazy\" decoding=\"async\" class=\"alignnone wp-image-927\" src=\"https:\/\/jezevcik.zkyjova.cz\/subdom\/jezevcik\/wp-content\/uploads\/2021\/06\/IMG_5394-e1623000494493.jpg\" alt=\"\" width=\"165\" height=\"212\" srcset=\"https:\/\/jezevcik.zkyjova.cz\/subdom\/jezevcik\/wp-content\/uploads\/2021\/06\/IMG_5394-e1623000494493.jpg 4000w, https:\/\/jezevcik.zkyjova.cz\/subdom\/jezevcik\/wp-content\/uploads\/2021\/06\/IMG_5394-e1623000494493-233x300.jpg 233w, https:\/\/jezevcik.zkyjova.cz\/subdom\/jezevcik\/wp-content\/uploads\/2021\/06\/IMG_5394-e1623000494493-768x988.jpg 768w, https:\/\/jezevcik.zkyjova.cz\/subdom\/jezevcik\/wp-content\/uploads\/2021\/06\/IMG_5394-e1623000494493-796x1024.jpg 796w\" sizes=\"auto, (max-width: 165px) 100vw, 165px\" \/> <\/a> <a href=\"https:\/\/jezevcik.zkyjova.cz\/subdom\/jezevcik\/wp-content\/uploads\/2021\/08\/IMG_20210813_141908.jpg\"><img loading=\"lazy\" decoding=\"async\" class=\"alignnone wp-image-994\" src=\"https:\/\/jezevcik.zkyjova.cz\/subdom\/jezevcik\/wp-content\/uploads\/2021\/08\/IMG_20210813_141908.jpg\" alt=\"\" width=\"119\" height=\"211\" \/> <\/a><a href=\"https:\/\/jezevcik.zkyjova.cz\/subdom\/jezevcik\/wp-content\/uploads\/2021\/09\/IMG-20210828-WA0001_2-e1630604460503.jpg\"><img loading=\"lazy\" decoding=\"async\" class=\"alignnone wp-image-997\" src=\"https:\/\/jezevcik.zkyjova.cz\/subdom\/jezevcik\/wp-content\/uploads\/2021\/09\/IMG-20210828-WA0001_2-e1630604460503.jpg\" alt=\"\" width=\"135\" height=\"213\" srcset=\"https:\/\/jezevcik.zkyjova.cz\/subdom\/jezevcik\/wp-content\/uploads\/2021\/09\/IMG-20210828-WA0001_2-e1630604460503.jpg 788w, https:\/\/jezevcik.zkyjova.cz\/subdom\/jezevcik\/wp-content\/uploads\/2021\/09\/IMG-20210828-WA0001_2-e1630604460503-191x300.jpg 191w, https:\/\/jezevcik.zkyjova.cz\/subdom\/jezevcik\/wp-content\/uploads\/2021\/09\/IMG-20210828-WA0001_2-e1630604460503-768x1209.jpg 768w, https:\/\/jezevcik.zkyjova.cz\/subdom\/jezevcik\/wp-content\/uploads\/2021\/09\/IMG-20210828-WA0001_2-e1630604460503-651x1024.jpg 651w\" sizes=\"auto, (max-width: 135px) 100vw, 135px\" \/> <\/a><a href=\"https:\/\/jezevcik.zkyjova.cz\/subdom\/jezevcik\/wp-content\/uploads\/2021\/10\/IMG_20210904_111149.jpg\"><img loading=\"lazy\" decoding=\"async\" class=\"alignnone wp-image-1005\" src=\"https:\/\/jezevcik.zkyjova.cz\/subdom\/jezevcik\/wp-content\/uploads\/2021\/10\/IMG_20210904_111149.jpg\" alt=\"\" width=\"119\" height=\"211\" \/> <\/a><a href=\"https:\/\/jezevcik.zkyjova.cz\/subdom\/jezevcik\/wp-content\/uploads\/2021\/10\/IMG-20210911-WA0002.jpg\"><img loading=\"lazy\" decoding=\"async\" class=\"alignnone wp-image-1025\" src=\"https:\/\/jezevcik.zkyjova.cz\/subdom\/jezevcik\/wp-content\/uploads\/2021\/10\/IMG-20210911-WA0002.jpg\" alt=\"\" width=\"158\" height=\"211\" srcset=\"https:\/\/jezevcik.zkyjova.cz\/subdom\/jezevcik\/wp-content\/uploads\/2021\/10\/IMG-20210911-WA0002.jpg 1200w, https:\/\/jezevcik.zkyjova.cz\/subdom\/jezevcik\/wp-content\/uploads\/2021\/10\/IMG-20210911-WA0002-225x300.jpg 225w, https:\/\/jezevcik.zkyjova.cz\/subdom\/jezevcik\/wp-content\/uploads\/2021\/10\/IMG-20210911-WA0002-768x1024.jpg 768w\" sizes=\"auto, (max-width: 158px) 100vw, 158px\" \/>\u00a0 <\/a>\u00a0<a href=\"https:\/\/jezevcik.zkyjova.cz\/subdom\/jezevcik\/wp-content\/uploads\/2022\/02\/272878959_478397247158862_7895943109893980975_n-1.jpg\"><img loading=\"lazy\" decoding=\"async\" class=\"alignnone wp-image-1115\" src=\"https:\/\/jezevcik.zkyjova.cz\/subdom\/jezevcik\/wp-content\/uploads\/2022\/02\/272878959_478397247158862_7895943109893980975_n-1.jpg\" alt=\"\" width=\"159\" height=\"211\" srcset=\"https:\/\/jezevcik.zkyjova.cz\/subdom\/jezevcik\/wp-content\/uploads\/2022\/02\/272878959_478397247158862_7895943109893980975_n-1.jpg 807w, https:\/\/jezevcik.zkyjova.cz\/subdom\/jezevcik\/wp-content\/uploads\/2022\/02\/272878959_478397247158862_7895943109893980975_n-1-225x300.jpg 225w, https:\/\/jezevcik.zkyjova.cz\/subdom\/jezevcik\/wp-content\/uploads\/2022\/02\/272878959_478397247158862_7895943109893980975_n-1-768x1024.jpg 768w\" sizes=\"auto, (max-width: 159px) 100vw, 159px\" \/> <\/a><a href=\"https:\/\/jezevcik.zkyjova.cz\/subdom\/jezevcik\/wp-content\/uploads\/2022\/07\/full-3-scaled.jpg\"><img loading=\"lazy\" decoding=\"async\" class=\"alignnone wp-image-1469\" src=\"https:\/\/jezevcik.zkyjova.cz\/subdom\/jezevcik\/wp-content\/uploads\/2022\/07\/full-3-scaled.jpg\" alt=\"\" width=\"276\" height=\"184\" srcset=\"https:\/\/jezevcik.zkyjova.cz\/subdom\/jezevcik\/wp-content\/uploads\/2022\/07\/full-3-scaled.jpg 2560w, https:\/\/jezevcik.zkyjova.cz\/subdom\/jezevcik\/wp-content\/uploads\/2022\/07\/full-3-300x200.jpg 300w, https:\/\/jezevcik.zkyjova.cz\/subdom\/jezevcik\/wp-content\/uploads\/2022\/07\/full-3-1024x683.jpg 1024w, https:\/\/jezevcik.zkyjova.cz\/subdom\/jezevcik\/wp-content\/uploads\/2022\/07\/full-3-768x512.jpg 768w, https:\/\/jezevcik.zkyjova.cz\/subdom\/jezevcik\/wp-content\/uploads\/2022\/07\/full-3-1536x1024.jpg 1536w, https:\/\/jezevcik.zkyjova.cz\/subdom\/jezevcik\/wp-content\/uploads\/2022\/07\/full-3-2048x1365.jpg 2048w\" sizes=\"auto, (max-width: 276px) 100vw, 276px\" \/> <\/a><a href=\"https:\/\/jezevcik.zkyjova.cz\/subdom\/jezevcik\/wp-content\/uploads\/2022\/09\/20220917_102611-scaled.jpg\"><img loading=\"lazy\" decoding=\"async\" class=\"alignnone wp-image-1497\" src=\"https:\/\/jezevcik.zkyjova.cz\/subdom\/jezevcik\/wp-content\/uploads\/2022\/09\/20220917_102611-scaled.jpg\" alt=\"\" width=\"158\" height=\"211\" srcset=\"https:\/\/jezevcik.zkyjova.cz\/subdom\/jezevcik\/wp-content\/uploads\/2022\/09\/20220917_102611-scaled.jpg 1920w, https:\/\/jezevcik.zkyjova.cz\/subdom\/jezevcik\/wp-content\/uploads\/2022\/09\/20220917_102611-225x300.jpg 225w, https:\/\/jezevcik.zkyjova.cz\/subdom\/jezevcik\/wp-content\/uploads\/2022\/09\/20220917_102611-768x1024.jpg 768w, https:\/\/jezevcik.zkyjova.cz\/subdom\/jezevcik\/wp-content\/uploads\/2022\/09\/20220917_102611-1152x1536.jpg 1152w, https:\/\/jezevcik.zkyjova.cz\/subdom\/jezevcik\/wp-content\/uploads\/2022\/09\/20220917_102611-1536x2048.jpg 1536w\" sizes=\"auto, (max-width: 158px) 100vw, 158px\" \/><\/a><a href=\"https:\/\/jezevcik.zkyjova.cz\/subdom\/jezevcik\/wp-content\/uploads\/2022\/09\/20220917_134030-scaled.jpg\"><img loading=\"lazy\" decoding=\"async\" class=\"alignnone wp-image-1498\" src=\"https:\/\/jezevcik.zkyjova.cz\/subdom\/jezevcik\/wp-content\/uploads\/2022\/09\/20220917_134030-scaled.jpg\" alt=\"\" width=\"170\" height=\"210\" srcset=\"https:\/\/jezevcik.zkyjova.cz\/subdom\/jezevcik\/wp-content\/uploads\/2022\/09\/20220917_134030-scaled.jpg 2068w, https:\/\/jezevcik.zkyjova.cz\/subdom\/jezevcik\/wp-content\/uploads\/2022\/09\/20220917_134030-242x300.jpg 242w, https:\/\/jezevcik.zkyjova.cz\/subdom\/jezevcik\/wp-content\/uploads\/2022\/09\/20220917_134030-827x1024.jpg 827w, https:\/\/jezevcik.zkyjova.cz\/subdom\/jezevcik\/wp-content\/uploads\/2022\/09\/20220917_134030-768x951.jpg 768w, https:\/\/jezevcik.zkyjova.cz\/subdom\/jezevcik\/wp-content\/uploads\/2022\/09\/20220917_134030-1241x1536.jpg 1241w, https:\/\/jezevcik.zkyjova.cz\/subdom\/jezevcik\/wp-content\/uploads\/2022\/09\/20220917_134030-1655x2048.jpg 1655w\" sizes=\"auto, (max-width: 170px) 100vw, 170px\" \/><\/a><\/p>\n<p>&nbsp;<\/p>\n<p>&nbsp;<\/p>\n<h5 style=\"text-align: left;\"><a href=\"https:\/\/jezevcik.zkyjova.cz\/subdom\/jezevcik\/wp-content\/uploads\/2021\/06\/znak-01.png\"><img loading=\"lazy\" decoding=\"async\" class=\"wp-image-933 aligncenter\" src=\"https:\/\/jezevcik.zkyjova.cz\/subdom\/jezevcik\/wp-content\/uploads\/2021\/06\/znak-01.png\" alt=\"\" width=\"196\" height=\"116\" srcset=\"https:\/\/jezevcik.zkyjova.cz\/subdom\/jezevcik\/wp-content\/uploads\/2021\/06\/znak-01.png 2481w, https:\/\/jezevcik.zkyjova.cz\/subdom\/jezevcik\/wp-content\/uploads\/2021\/06\/znak-01-300x178.png 300w, https:\/\/jezevcik.zkyjova.cz\/subdom\/jezevcik\/wp-content\/uploads\/2021\/06\/znak-01-768x457.png 768w, https:\/\/jezevcik.zkyjova.cz\/subdom\/jezevcik\/wp-content\/uploads\/2021\/06\/znak-01-1024x609.png 1024w\" sizes=\"auto, (max-width: 196px) 100vw, 196px\" \/><\/a><\/h5>\n","protected":false},"excerpt":{"rendered":"<p>(*22.5.2020)\u00a0 CHOVN\u00c1 FENA (matka vrhu C) 0m\/Z1J\/5-DRK OH &#8211; 30 cm, v\u00e1ha 4,30 kg, chyb\u00ed 2xM3 V\u00ddSTAVY \u010cesk\u00fd \u0161ampion BOJ, 2x CAC, CAJC, Krajsk\u00fd v\u00edt\u011bz DRK V\u00edt\u011bz t\u0159\u00eddy mlad\u00fdch, V\u00edt\u011bz t\u0159\u00eddy pracovn\u00ed 5xV1, 5xVD 4.6.2021 2x p\u0159esunut\u00e1 NVP Brno,\u00a0 t\u0159. mlad\u00fdch, L. Frn\u010dov\u00e1 &#8211; V1, CAJC, BOJ 20.6.2021 KVJ Konopi\u0161t\u011b, t\u0159. mlad\u00fdch, P. Bro\u017eov\u00e1 &#8211; &hellip; <\/p>\n<p class=\"link-more\"><a href=\"https:\/\/jezevcik.zkyjova.cz\/subdom\/jezevcik\/anabell-maryacell-bella-2\/\" class=\"more-link\">Pokra\u010dovat ve \u010dten\u00ed<span class=\"screen-reader-text\"> &#8222;Anabell Maryacell (Bella)&#8220;<\/span><\/a><\/p>\n","protected":false},"author":2,"featured_media":0,"parent":0,"menu_order":0,"comment_status":"closed","ping_status":"closed","template":"","meta":{"footnotes":""},"class_list":["post-822","page","type-page","status-publish","hentry"],"_links":{"self":[{"href":"https:\/\/jezevcik.zkyjova.cz\/subdom\/jezevcik\/wp-json\/wp\/v2\/pages\/822","targetHints":{"allow":["GET"]}}],"collection":[{"href":"https:\/\/jezevcik.zkyjova.cz\/subdom\/jezevcik\/wp-json\/wp\/v2\/pages"}],"about":[{"href":"https:\/\/jezevcik.zkyjova.cz\/subdom\/jezevcik\/wp-json\/wp\/v2\/types\/page"}],"author":[{"embeddable":true,"href":"https:\/\/jezevcik.zkyjova.cz\/subdom\/jezevcik\/wp-json\/wp\/v2\/users\/2"}],"replies":[{"embeddable":true,"href":"https:\/\/jezevcik.zkyjova.cz\/subdom\/jezevcik\/wp-json\/wp\/v2\/comments?post=822"}],"version-history":[{"count":41,"href":"https:\/\/jezevcik.zkyjova.cz\/subdom\/jezevcik\/wp-json\/wp\/v2\/pages\/822\/revisions"}],"predecessor-version":[{"id":1989,"href":"https:\/\/jezevcik.zkyjova.cz\/subdom\/jezevcik\/wp-json\/wp\/v2\/pages\/822\/revisions\/1989"}],"wp:attachment":[{"href":"https:\/\/jezevcik.zkyjova.cz\/subdom\/jezevcik\/wp-json\/wp\/v2\/media?parent=822"}],"curies":[{"name":"wp","href":"https:\/\/api.w.org\/{rel}","templated":true}]}}